of -k**4/4 + k**3/3 + 2*k**2 + 13*k + 137. List the prime factors of q(3).
7
Let m(f) = -12*f - 182. Let g be m(-15). List the prime factors of g/9 - (-11481)/27.
5, 17
List the prime factors of (17 - (-9907 + 7))*(-1 + 1 + 1).
47, 211
Let a(f) = 2*f**2 - 165*f + 841. List the prime factors of a(98).
3, 431
What are the prime factors of 9/15 - (-690736)/115?
6007
Let d be (-3)/4 - 14/(-8). Let a be -5 + 6 + (d - -1*23). Suppose a + 59 = 4*x. What are the prime factors of x?
3, 7
Let z = 15228 + -8259. List the prime factors of z.
3, 23, 101
Let n(c) = -11010*c - 6270. What are the prime factors of n(-9)?
2, 3, 5, 7, 13, 17
Let k(h) = -2790*h + 18693. List the prime factors of k(-21).
3, 31, 277
Suppose 13*r - 2*r - 539 = 0. Suppose 3*w - 104 = w. Let v = w - r. What are the prime factors of v?
3
Suppose 32*u - 28*u = -y + 25399, -4*u + 4*y = -25404. What are the prime factors of u?
2, 5, 127
Suppose 4*q + 231 = -5*i - 117, q + 69 = -i. Let b = i - -127. Suppose -3*o + 202 = b. What are the prime factors of o?
7
Let h(k) = 1764*k**2 + 35*k + 12. List the prime factors of h(3).
3, 1777
Suppose 3*f + 2*f - 50 = 0. Suppose -28*w + 119 = -609. Let y = w - f. List the prime factors of y.
2
Let g = -11755 + 14600. List the prime factors of g.
5, 569
Suppose 2*z + 2*z = 0. Suppose 0*r = 2*n + 3*r - 289, -2*n + 3*r + 319 = z. Suppose 4*o - n = -0*o. List the prime factors of o.
2, 19
Suppose 210364 - 18412 = 31*s. List the prime factors of s.
2, 3, 43
Let b(c) = -18 - 33*c**2 - 10*c + 63*c**2 - 31*c**2. Let p be b(-6). List the prime factors of (-3)/9 - 10/p - -17.
3, 5
Suppose a + 3 = 0, -6*a - 19316 = -2*g - 8*a. List the prime factors of g.
9661
Suppose 9*b - 15 = 6*b. Let h be (1 - b/3)/((-2)/12). Suppose 88 + 172 = h*a. List the prime factors of a.
5, 13
Let n = -60 + 85. Let j be 18/((n/(-2))/(-5))*-5. What are the prime factors of 63/j + (-1)/4 - -101?
3, 11
Let y(a) = -2*a**3 - 77*a**2 - 77*a - 853. What are the prime factors of y(-44)?
23831
Let b be 642/(-12)*(-4)/2. Let u = 114 - b. List the prime factors of u.
7
Suppose 3*o = 4*j - 39, -2*j - 3*o + 46 = 13. Suppose -1122 = j*h - 18*h. List the prime factors of h.
11, 17
Let w be (-3 - (-32)/12)/(12/(-161604)). List the prime factors of (-15)/(-75) + w/5.
2, 449
Let b(k) be the second derivative of 2*k**4/3 + 8*k**3/3 + 19*k**2/2 - 53*k. Let y be b(-10). Suppose y = 3*r + 119. What are the prime factors of r?
2, 3, 5
Suppose 0 = -s + 2*z + 3491, -24*z = 2*s - 19*z - 6973. List the prime factors of s.
3, 1163
Let c be (-3 + -47)/(4 - (-190)/(-45)). Suppose c = -l + 638. List the prime factors of l.
7, 59
Suppose -2*y + 9*y = -21. List the prime factors of 0 + 75 - (-4 - y).
2, 19
Let n be (-72)/126 + (-14459)/(-7). Suppose -s = 5*u - n - 235, -920 = -2*u + 2*s. List the prime factors of u.
2, 5, 23
What are the prime factors of 24/(-28)*7/(-2) + 2714?
11, 13, 19
Let k be (13/(-26))/((-2)/8). Suppose -a = -k*u + 1617, 5*u - 5*a - 4065 = -7*a. What are the prime factors of u?
811
Suppose -2*h = -0 - 2. What are the prime factors of (6 + h + -1)*75/2?
3, 5
Suppose -5*h - 35 = -5*w - 7*h, -h - 20 = -5*w. Suppose -w*i = -1496 - 324. Suppose -230 - i = -6*a. What are the prime factors of a?
3, 11
Suppose -8*g = -53758 + 8190. List the prime factors of g.
2, 89
Let c(f) = 2*f**2 - 8*f + 1. Suppose -11 = -r - 6. Suppose -r*a - 47 = -4*w, 0*w + 21 = 3*w + a. What are the prime factors of c(w)?
5, 13
List the prime factors of 17/(-306)*3 + 55639/6 + 0.
3, 11, 281
Suppose 0 = -g, -g + 1 - 25 = -3*a. Let v be (1*(-174)/a)/(1/(-20)). Suppose -6*r = -11*r + v. What are the prime factors of r?
3, 29
Let l be 3614/(-91) - 2/7. Let i = l - -88. Suppose 5*q = 407 + i. What are the prime factors of q?
7, 13
Let l(d) be the third derivative of 37*d**4/6 + 5*d**3/6 - 5*d**2. List the prime factors of l(2).
7, 43
Suppose -3*m - 4*n = -9*n + 55, -3*m - 4*n = 10. Let j(w) be the second derivative of w**4/12 + 22*w**2 + 481*w. List the prime factors of j(m).
2, 3
Suppose -66*m - 120*m + 54*m = -2374416. What are the prime factors of m?
2, 3, 1499
Suppose -4*x + 584 = -0*x. Suppose 0 = 13*n - 1244 + 204. Let o = x - n. What are the prime factors of o?
2, 3, 11
Let c(o) = o**2 + o. Let i be c(-1). Suppose -2*q - d + 1057 = -i*d, 3*q - 1588 = d. List the prime factors of q.
23
Suppose -4*v + 29 = 9. Suppose -3*m = 4*w - v, -2*m + m - 3 = -w. List the prime factors of (m + 2 + 2)/((-12)/(-40)).
2, 5
Suppose d + 1 = 0, 2*b - 2*d + 5 = 3*b. Suppose 0 = b*g - 1917 - 1632. What are the prime factors of g?
3, 13
Suppose -g = -53 - 5. Let f = g - 46. Suppose -f*r + r = -594. What are the prime factors of r?
2, 3
Let z(y) = 3*y**3 + 18*y**2 + 39*y + 75. Let v(c) = -2*c**3 - 12*c**2 - 26*c - 50. Let d(p) = -7*v(p) - 5*z(p). List the prime factors of d(-10).
5, 101
Let r be (-3 - -5) + 3 + -205. Let q = 405 + r. List the prime factors of q.
5, 41
List the prime factors of (-13 + -9)/(-88)*257440.
2, 5, 1609
Let l = 79285 + -44156. What are the prime factors of l?
35129
Let g = 31 + -29. Suppose -1106 = -3*s + 2*x, -s - 1822 = -6*s - g*x. List the prime factors of s.
2, 3, 61
Let w = 12009 - 6452. Suppose 7*f - w - 862 = 0. What are the prime factors of f?
7, 131
Let v(s) = -s**3 - 4*s**2 + 2*s + 16. Let i(t) = -t**2 - 8*t - 17. Let n be i(-6). What are the prime factors of v(n)?
31
Suppose g - 154 = 3536. Suppose 0*m + 9*m - g = 0. What are the prime factors of m?
2, 5, 41
Let y(i) be the first derivative of -i**4/4 + 3*i**3 + 2*i**2 + 11*i - 1. Suppose -23 = -3*f - 2*g, -g + 3*g - 41 = -5*f. List the prime factors of y(f).
47
List the prime factors of 62/1240 + 143918/40.
2, 7, 257
Suppose -2*f = 3*w - 104276, 2*w - 71819 = -3*f - 2290. List the prime factors of w.
2, 17377
What are the prime factors of 25114/13 + ((-172)/6149 - 4/(-22))?
2, 3, 7, 23
Let p = 11062 - 7946. What are the prime factors of p?
2, 19, 41
Let g(o) = 3*o**2 + 19*o - 15. Let p be g(-14). Let c = p + 292. What are the prime factors of c?
599
Let x(y) = -44*y + 11. Let r(c) = c**2 - 8*c - 16. Let f be r(9). List the prime factors of x(f).
11, 29
Suppose 2*k - 17 = 5*y, -3*y + 2 = -5*k - 3. What are the prime factors of 5*(17 - (2 + k))?
5, 19
Suppose -5*y - 20 = 0, 1 = -j - 3*y + 2*y. Let g(i) = -3 + i**2 - 5*i**2 + 6*i - i**2 + 11 - i**j. What are the prime factors of g(-7)?
2
Let i(t) = -14*t**3 - 2*t**2 + t - 3. Suppose 362*z = 366*z + 12. What are the prime factors of i(z)?
2, 3, 59
Suppose -5*y + y + 52 = 5*z, -3*y - 5*z = -44. Let r(p) = 0 + 12 - y - 3*p. List the prime factors of r(0).
2
Let f(c) = -4767*c - 349. List the prime factors of f(-4).
18719
Let p(x) = -132*x + 531. Let a be p(4). Suppose 0 = i - t - 3 + 1, 3*i + t = 6. Suppose -2*o = -i, 5*o + 287 = a*s + 82. List the prime factors of s.
2, 5, 7
Let l = -5352 + 6230. What are the prime factors of l?
2, 439
Let m be -2*(7/2 + 0). Let h be (-12 - m)*(-26)/5. Let z = h + 38. What are the prime factors of z?
2
Let v = 96 + -83. Suppose v*t + 156 = 14*t. Suppose 3*o - t = -s, o - 52 = -0*o + 4*s. List the prime factors of o.
2, 13
Let p be -16*13/((-208)/12). Suppose -p*h - 126 + 9570 = 0. List the prime factors of h.
787
Let g = 1343 + -245. List the prime factors of g.
2, 3, 61
What are the prime factors of 19668/99*228/8?
2, 19, 149
What are the prime factors of -37 + 39 - (-85270)/4 - 3/(-2)?
3, 23, 103
Let u(s) = 53*s**2 - 3*s + 13. Suppose 2*n = 103 - 93. List the prime factors of u(n).
3, 7
What are the prime factors of -507 - -1903 - (1 - -14)?
1381
Let d(a) = -15*a**3 + 1247*a**2 - 118*a - 56. List the prime factors of d(83).
2, 491
Let j(q) = 5977*q**2 - 46*q + 169. List the prime factors of j(3).
2, 29
Suppose 4*o + 1 - 5 = 0, -s - 3*o = -1968. Suppose -13*w - s = 2*w. Let l = 247 + w. List the prime factors of l.
2, 29
Suppose 4*a - 84 = -4*d, -4*a - 10 - 26 = -2*d. Suppose 13869 = d*l - 11*l. List the prime factors of l.
23, 67
Suppose 25 = p + 25. Suppose -n + 80 = 4*n. Suppose 4*f = -n, -3*f + p*f + 233 = 5*x. List the prime factors of x.
7
Let l = 52 - 47. Suppose 0 = -5*i - l*r - 195, 2*i + 2*i - 5*r = -192. List the prime factors of (-2)/(-4) + i/(-2) + 5.
3
What are the prime factors of 606*(10/15 - 1/((-6)/12))?
2, 101
Let n = 11 + 2. Let d be (n + -16)*41/3. Let h = 86